{"id":109,"date":"2017-10-23T02:12:19","date_gmt":"2017-10-23T02:12:19","guid":{"rendered":"http:\/\/www.esperanto.fi\/eo\/?page_id=109"},"modified":"2026-03-10T06:01:30","modified_gmt":"2026-03-10T04:01:30","slug":"vintraj-tagoj","status":"publish","type":"page","link":"https:\/\/www.esperanto.fi\/eo\/vintraj-tagoj\/","title":{"rendered":"Vintraj Tagoj"},"content":{"rendered":"<p>Esperanto-Asocio de Finnlando organizas \u0109iujare <strong>Vintrajn Tagojn en februaro a\u016d marto<\/strong> kaj A\u016dtunajn Tagojn en septembro a\u016d oktobro. Dum Vintraj Tagoj okazos anka\u016d la la\u016dstatuta <strong>jarkunveno de la asocio<\/strong>.<\/p>\n<h2>Vintraj Tagoj 2026<\/h2>\n<p>Vintraj Tagoj kaj jarkunveno de Esperanto-Asocio de Finnlando (EAF) okazis en urbo <i>Salo<\/i> (sud-okcidenta Finnlando, apud Turku) dum la semajnfino de la 7-a \u011dis la 8-a de marto 2026.<\/p>\n<p>Nia kunvenejo estis <i>Original Sokos Hotel Rikala<\/i> (same kiel pasintan fojon en 1989) en la urbocentro. En sabato ni a\u016ddis pri la vivo de <i>Vilho Set\u00e4l\u00e4<\/i> kaj pri Fondumo Esperanto-s\u00e4\u00e4ti\u00f6. Post la tagman\u011do okazis anka\u016d la jarkunveno de EAF. <span lang=\"sv-SE\">Liberforma vesperumo reali\u011dis en loka restoracio.<\/span><\/p>\n<p><span lang=\"sv-SE\">En diman\u0109o ni vizitis la Elektronikan muzeon de Salo, kie ni dum la finnlingva \u0109i\u0109eronita rondirado lernis pri teknologio lige al modernaj komunikiloj kaj ilia historio. Ni vidis radio-aparatojn, televidilojn kaj telefonojn, kiuj nun jam aspektas antikvaj, kvankam multaj el ni certe memoras kaj e\u0109 uzis ilin. Post la muzea vizito ni havis komunan lun\u0109on kaj fermis la Tagojn anta\u016d la hejmvoja\u011do.<\/span><\/p>\n<p lang=\"sv-SE\">Dankon pro via partopreno \u2013 kiitos osallistujille!<br \/>La estraro de EAF<\/p>\n\n\n<p><\/p>\n","protected":false},"excerpt":{"rendered":"<p>Esperanto-Asocio de Finnlando organizas \u0109iujare Vintrajn Tagojn en februaro a\u016d marto kaj A\u016dtunajn Tagojn en septembro a\u016d oktobro. Dum Vintraj Tagoj okazos anka\u016d la la\u016dstatuta jarkunveno de la asocio. Vintraj Tagoj 2026 Vintraj Tagoj kaj jarkunveno de Esperanto-Asocio de Finnlando (EAF) okazis en urbo Salo (sud-okcidenta Finnlando, apud Turku) dum la semajnfino de la 7-a &hellip; <a href=\"https:\/\/www.esperanto.fi\/eo\/vintraj-tagoj\/\" class=\"more-link\">Da\u016drigi legadon<span class=\"screen-reader-text\"> &#8220;Vintraj Tagoj&#8221;<\/span><\/a><\/p>\n","protected":false},"author":1,"featured_media":0,"parent":0,"menu_order":0,"comment_status":"closed","ping_status":"closed","template":"","meta":{"footnotes":""},"class_list":["post-109","page","type-page","status-publish","hentry"],"_links":{"self":[{"href":"https:\/\/www.esperanto.fi\/eo\/wp-json\/wp\/v2\/pages\/109","targetHints":{"allow":["GET"]}}],"collection":[{"href":"https:\/\/www.esperanto.fi\/eo\/wp-json\/wp\/v2\/pages"}],"about":[{"href":"https:\/\/www.esperanto.fi\/eo\/wp-json\/wp\/v2\/types\/page"}],"author":[{"embeddable":true,"href":"https:\/\/www.esperanto.fi\/eo\/wp-json\/wp\/v2\/users\/1"}],"replies":[{"embeddable":true,"href":"https:\/\/www.esperanto.fi\/eo\/wp-json\/wp\/v2\/comments?post=109"}],"version-history":[{"count":50,"href":"https:\/\/www.esperanto.fi\/eo\/wp-json\/wp\/v2\/pages\/109\/revisions"}],"predecessor-version":[{"id":3505,"href":"https:\/\/www.esperanto.fi\/eo\/wp-json\/wp\/v2\/pages\/109\/revisions\/3505"}],"wp:attachment":[{"href":"https:\/\/www.esperanto.fi\/eo\/wp-json\/wp\/v2\/media?parent=109"}],"curies":[{"name":"wp","href":"https:\/\/api.w.org\/{rel}","templated":true}]}}

<p>Esperanto-Asocio de Finnlando organizas ĉiujare <strong>Vintrajn Tagojn en februaro aŭ marto</strong> kaj Aŭtunajn Tagojn en septembro aŭ oktobro. Dum Vintraj Tagoj okazos ankaŭ la laŭstatuta <strong>jarkunveno de la asocio</strong>.</p>
<h2>Vintraj Tagoj 2026</h2>
<p>Vintraj Tagoj kaj jarkunveno de Esperanto-Asocio de Finnlando (EAF) okazis en urbo <i>Salo</i> (sud-okcidenta Finnlando, apud Turku) dum la semajnfino de la 7-a ĝis la 8-a de marto 2026.</p>
<p>Nia kunvenejo estis <i>Original Sokos Hotel Rikala</i> (same kiel pasintan fojon en 1989) en la urbocentro. En sabato ni aŭdis pri la vivo de <i>Vilho Setälä</i> kaj pri Fondumo Esperanto-säätiö. Post la tagmanĝo okazis ankaŭ la jarkunveno de EAF. <span lang="sv-SE">Liberforma vesperumo realiĝis en loka restoracio.</span></p>
<p><span lang="sv-SE">En dimanĉo ni vizitis la Elektronikan muzeon de Salo, kie ni dum la finnlingva ĉiĉeronita rondirado lernis pri teknologio lige al modernaj komunikiloj kaj ilia historio. Ni vidis radio-aparatojn, televidilojn kaj telefonojn, kiuj nun jam aspektas antikvaj, kvankam multaj el ni certe memoras kaj eĉ uzis ilin. Post la muzea vizito ni havis komunan lunĉon kaj fermis la Tagojn antaŭ la hejmvojaĝo.</span></p>
<p lang="sv-SE">Dankon pro via partopreno – kiitos osallistujille!<br />La estraro de EAF</p>


<p></p>

<p>Esperanto-Asocio de Finnlando organizas ĉiujare Vintrajn Tagojn en februaro aŭ marto kaj Aŭtunajn Tagojn en septembro aŭ oktobro. Dum Vintraj Tagoj okazos ankaŭ la laŭstatuta jarkunveno de la asocio. Vintraj Tagoj 2026 Vintraj Tagoj kaj jarkunveno de Esperanto-Asocio de Finnlando (EAF) okazis en urbo Salo (sud-okcidenta Finnlando, apud Turku) dum la semajnfino de la 7-a &hellip; <a href="https://www.esperanto.fi/eo/vintraj-tagoj/" class="more-link">Daŭrigi legadon<span class="screen-reader-text"> &#8220;Vintraj Tagoj&#8221;</span></a></p>
