{"id":54,"date":"2017-10-22T23:28:24","date_gmt":"2017-10-22T23:28:24","guid":{"rendered":"http:\/\/www.esperanto.fi\/eo\/?page_id=54"},"modified":"2025-10-12T00:54:24","modified_gmt":"2025-10-11T21:54:24","slug":"estraro","status":"publish","type":"page","link":"https:\/\/www.esperanto.fi\/eo\/lokaj-grupoj\/tampere\/estraro\/","title":{"rendered":"Estraro"},"content":{"rendered":"<h2>Esperanto-societo Anta\u016den<\/h2>\n<p>\nRaimo Tuisku, prezidanto<br \/>\nJukka Laaksonen, vicprezidanto<br \/>\nSylvia H\u00e4m\u00e4l\u00e4inen, sekretario<br \/>\nKatriina Muurainen-S\u00e4rkk\u00e4, membro<br \/>\nTerhi Laaksonen, vicemembro\n<\/p>\n<p>Paula Niinikorpi, kasisto<br \/>\nJukka Pietil\u00e4inen, agadkontrolanto<br \/>\nAnja Karkiainen, agadkontrolanto (vice)<\/p>\n\n\n<p><\/p>\n","protected":false},"excerpt":{"rendered":"<p>Esperanto-societo Anta\u016den Raimo Tuisku, prezidanto Jukka Laaksonen, vicprezidanto Sylvia H\u00e4m\u00e4l\u00e4inen, sekretario Katriina Muurainen-S\u00e4rkk\u00e4, membro Terhi Laaksonen, vicemembro Paula Niinikorpi, kasisto Jukka Pietil\u00e4inen, agadkontrolanto Anja Karkiainen, agadkontrolanto (vice)<\/p>\n","protected":false},"author":1,"featured_media":0,"parent":52,"menu_order":0,"comment_status":"closed","ping_status":"closed","template":"","meta":{"footnotes":""},"class_list":["post-54","page","type-page","status-publish","hentry"],"_links":{"self":[{"href":"https:\/\/www.esperanto.fi\/eo\/wp-json\/wp\/v2\/pages\/54","targetHints":{"allow":["GET"]}}],"collection":[{"href":"https:\/\/www.esperanto.fi\/eo\/wp-json\/wp\/v2\/pages"}],"about":[{"href":"https:\/\/www.esperanto.fi\/eo\/wp-json\/wp\/v2\/types\/page"}],"author":[{"embeddable":true,"href":"https:\/\/www.esperanto.fi\/eo\/wp-json\/wp\/v2\/users\/1"}],"replies":[{"embeddable":true,"href":"https:\/\/www.esperanto.fi\/eo\/wp-json\/wp\/v2\/comments?post=54"}],"version-history":[{"count":8,"href":"https:\/\/www.esperanto.fi\/eo\/wp-json\/wp\/v2\/pages\/54\/revisions"}],"predecessor-version":[{"id":3447,"href":"https:\/\/www.esperanto.fi\/eo\/wp-json\/wp\/v2\/pages\/54\/revisions\/3447"}],"up":[{"embeddable":true,"href":"https:\/\/www.esperanto.fi\/eo\/wp-json\/wp\/v2\/pages\/52"}],"wp:attachment":[{"href":"https:\/\/www.esperanto.fi\/eo\/wp-json\/wp\/v2\/media?parent=54"}],"curies":[{"name":"wp","href":"https:\/\/api.w.org\/{rel}","templated":true}]}}

<h2>Esperanto-societo Antaŭen</h2>
<p>
Raimo Tuisku, prezidanto<br />
Jukka Laaksonen, vicprezidanto<br />
Sylvia Hämäläinen, sekretario<br />
Katriina Muurainen-Särkkä, membro<br />
Terhi Laaksonen, vicemembro
</p>
<p>Paula Niinikorpi, kasisto<br />
Jukka Pietiläinen, agadkontrolanto<br />
Anja Karkiainen, agadkontrolanto (vice)</p>


<p></p>

<p>Esperanto-societo Antaŭen Raimo Tuisku, prezidanto Jukka Laaksonen, vicprezidanto Sylvia Hämäläinen, sekretario Katriina Muurainen-Särkkä, membro Terhi Laaksonen, vicemembro Paula Niinikorpi, kasisto Jukka Pietiläinen, agadkontrolanto Anja Karkiainen, agadkontrolanto (vice)</p>
