{"id":47,"date":"2018-07-07T20:29:22","date_gmt":"2018-07-07T17:29:22","guid":{"rendered":"http:\/\/www.esperanto.fi\/uk2019\/?page_id=47"},"modified":"2018-11-20T16:36:45","modified_gmt":"2018-11-20T13:36:45","slug":"lkk","status":"publish","type":"page","link":"https:\/\/www.esperanto.fi\/uk2019\/lkk\/","title":{"rendered":"LKK"},"content":{"rendered":"<p><strong>Tuomo Grundstr\u00f6m<\/strong> &#8211; prezidanto<\/p>\n<p><strong>P\u00e4ivi Saarinen<\/strong> &#8211; vicprezidanto, kongresejo<\/p>\n<p><strong>Tiina Kosunen<\/strong> &#8211; \u011denerala sekretario, volontuloj<\/p>\n<p><strong>Tiina Oittinen<\/strong> &#8211; ekskursoj<\/p>\n<p><strong>Paula Niinikorpi<\/strong> &#8211; arta kunordiganto, kasisto<\/p>\n<p><strong>Jukka Pietil\u00e4inen<\/strong> &#8211; informado<\/p>\n<p><strong>Larissa Phileas<\/strong> &#8211; junulara programo, reta informado<\/p>\n<p><strong>B\u00f6rje Eriksson<\/strong> &#8211; membro, blindulaj aferoj<\/p>\n<p><strong>Synn\u00f6ve Mynttinen<\/strong> &#8211; membro, Lahtio-aferoj<\/p>\n<p><strong>Sigrid Kivist\u00f6<\/strong> &#8211; membro, IIK-aferoj<\/p>\n<p><img loading=\"lazy\" decoding=\"async\" class=\"alignnone size-full wp-image-210\" src=\"https:\/\/www.esperanto.fi\/uk2019\/wp-content\/uploads\/sites\/4\/2018\/10\/0266DF68-DC59-4498-B6A5-3EEF0C782C94.jpeg\" alt=\"\" width=\"1819\" height=\"1151\" srcset=\"https:\/\/www.esperanto.fi\/uk2019\/wp-content\/uploads\/sites\/4\/2018\/10\/0266DF68-DC59-4498-B6A5-3EEF0C782C94.jpeg 1819w, https:\/\/www.esperanto.fi\/uk2019\/wp-content\/uploads\/sites\/4\/2018\/10\/0266DF68-DC59-4498-B6A5-3EEF0C782C94-300x190.jpeg 300w, https:\/\/www.esperanto.fi\/uk2019\/wp-content\/uploads\/sites\/4\/2018\/10\/0266DF68-DC59-4498-B6A5-3EEF0C782C94-768x486.jpeg 768w, https:\/\/www.esperanto.fi\/uk2019\/wp-content\/uploads\/sites\/4\/2018\/10\/0266DF68-DC59-4498-B6A5-3EEF0C782C94-1024x648.jpeg 1024w\" sizes=\"auto, (max-width: 767px) 89vw, (max-width: 1000px) 54vw, (max-width: 1071px) 543px, 580px\" \/><\/p>\n<p><i>LKK kune kun la Konstanta Kongresa Sekretario de UEA\u00a0Clay Magalh\u00e3es.<\/i><\/p>\n<p><span style=\"font-size: 8pt\"><i>Foto: Harri Laine<\/i><\/span><\/p>\n<p>&nbsp;<\/p>\n","protected":false},"excerpt":{"rendered":"<p>Tuomo Grundstr\u00f6m &#8211; prezidanto P\u00e4ivi Saarinen &#8211; vicprezidanto, kongresejo Tiina Kosunen &#8211; \u011denerala sekretario, volontuloj Tiina Oittinen &#8211; ekskursoj Paula Niinikorpi &#8211; arta kunordiganto, kasisto Jukka Pietil\u00e4inen &#8211; informado Larissa Phileas &#8211; junulara programo, reta informado B\u00f6rje Eriksson &#8211; membro, blindulaj aferoj Synn\u00f6ve Mynttinen &#8211; membro, Lahtio-aferoj Sigrid Kivist\u00f6 &#8211; membro, IIK-aferoj LKK kune kun &hellip; <\/p>\n<p class=\"link-more\"><a href=\"https:\/\/www.esperanto.fi\/uk2019\/lkk\/\" class=\"more-link\">Da\u016drigi legadon<span class=\"screen-reader-text\"> &#8220;LKK&#8221;<\/span><\/a><\/p>\n","protected":false},"author":18,"featured_media":0,"parent":0,"menu_order":0,"comment_status":"closed","ping_status":"closed","template":"","meta":{"footnotes":""},"class_list":["post-47","page","type-page","status-publish","hentry"],"_links":{"self":[{"href":"https:\/\/www.esperanto.fi\/uk2019\/wp-json\/wp\/v2\/pages\/47","targetHints":{"allow":["GET"]}}],"collection":[{"href":"https:\/\/www.esperanto.fi\/uk2019\/wp-json\/wp\/v2\/pages"}],"about":[{"href":"https:\/\/www.esperanto.fi\/uk2019\/wp-json\/wp\/v2\/types\/page"}],"author":[{"embeddable":true,"href":"https:\/\/www.esperanto.fi\/uk2019\/wp-json\/wp\/v2\/users\/18"}],"replies":[{"embeddable":true,"href":"https:\/\/www.esperanto.fi\/uk2019\/wp-json\/wp\/v2\/comments?post=47"}],"version-history":[{"count":10,"href":"https:\/\/www.esperanto.fi\/uk2019\/wp-json\/wp\/v2\/pages\/47\/revisions"}],"predecessor-version":[{"id":234,"href":"https:\/\/www.esperanto.fi\/uk2019\/wp-json\/wp\/v2\/pages\/47\/revisions\/234"}],"wp:attachment":[{"href":"https:\/\/www.esperanto.fi\/uk2019\/wp-json\/wp\/v2\/media?parent=47"}],"curies":[{"name":"wp","href":"https:\/\/api.w.org\/{rel}","templated":true}]}}